{"id":15,"date":"2018-07-02T14:58:24","date_gmt":"2018-07-02T14:58:24","guid":{"rendered":"http:\/\/azexo.com\/elastic\/?page_id=15"},"modified":"2026-02-13T18:08:05","modified_gmt":"2026-02-13T18:08:05","slug":"nuestra-empresa","status":"publish","type":"page","link":"https:\/\/cospealsape.com\/index.php\/nuestra-empresa\/","title":{"rendered":"NUESTRA EMPRESA"},"content":{"rendered":"<div data-section=\"elastic\/menu-2.html\"><div class=\"azen azen1 azen2 azen3\"><div class=\"azen-elastic-menu azen-elastic-menu-2\" data-inverted-styles=\"false\" data-full-width=\"true\" data-stretch-content=\"true\" data-over-top=\"false\" data-over-bottom=\"false\"><div class=\"azen-menu-wrapper az-sticky az-container az-background-color\" data-group=\"Menu\" data-sticky-class=\"azen-elastic-sticky\"><div class=\"azen-inner az-container\"><div class=\"azen-title\"><a href=\"https:\/\/cospealsape.com\/\" class=\"az-logo\" data-shortcode=\"4227b329dabe4424e4f33efd6c02727c\"><div class=\"azen-wrp-logo\"><img src=\"https:\/\/cospealsape.com\/wp-content\/uploads\/2022\/03\/a02a9d09-03ad-43e7-9144-d13b8fa01c92.jpg\" alt=\"\"\/><\/div><\/a><\/div><label class=\"azen-mobile-menu-button\" for=\"4Cq2R\"><span class=\"az-icon fa fa-bars\"><\/span><\/label><input class=\"azen-menu-checkbox\" type=\"checkbox\" id=\"4Cq2R\"\/><div class=\"azen-nav-menu az-menu\" data-cloneable-inline=\"\" data-shortcode=\"0f97e91a0d14d9f6aacd44f5b5d879e4\"><div class=\"azen-menu-item \"><a href=\"https:\/\/cospealsape.com\/\" class=\"azen-menu-link az-inline\"><span class=\"azen-category-item az-contenteditable\">INICIO<\/span><\/a><\/div><div class=\"azen-menu-item \"><a href=\"https:\/\/cospealsape.com\/index.php\/nuestra-empresa\/\" class=\"azen-menu-link az-inline\"><span class=\"azen-category-item az-contenteditable\">NUESTRA EMPRESA<\/span><\/a><\/div><div class=\"azen-menu-item \"><a href=\"https:\/\/cospealsape.com\/index.php\/productos\/\" class=\"azen-menu-link az-inline\"><span class=\"azen-category-item az-contenteditable\">PRODUCTOS<\/span><\/a><\/div><div class=\"azen-menu-item \"><a href=\"https:\/\/cospealsape.com\/index.php\/multimedia\/\" class=\"azen-menu-link az-inline\"><span class=\"azen-category-item az-contenteditable\">MULTIMEDIA<\/span><\/a><\/div><\/div><div class=\"azen-button\"><a href=\"https:\/\/cospealsape.com\/index.php\/contacto\/\" target=\"_self\" title=\"\"><span class=\"az-contenteditable\">Contact\u00e1nos<\/span><span class=\"az-contenteditable\">$49<\/span><\/a><\/div><\/div><\/div><div id=\"az-navbar-side\"><div><div class=\"az-navbar-logo\"><a class=\"az-logo\" href=\"https:\/\/cospealsape.com\/\" data-shortcode=\"f99150fe13d13da5dd915c68268e6171\"><img src=\"https:\/\/cospealsape.com\/wp-content\/uploads\/2022\/03\/cropped-a02a9d09-03ad-43e7-9144-d13b8fa01c92.jpg\" alt=\"logo\" \/><\/a><\/div><\/div><div class=\"az-full-height\"><div class=\"az-navbar-menu\"><div class=\"az-menu\" data-cloneable=\"\" data-shortcode=\"d48b6c4c717783e7913ef23197133a3c\"><div><a href=\"https:\/\/cospealsape.com\/\">INICIO<\/a><\/div><div><a href=\"https:\/\/cospealsape.com\/index.php\/nuestra-empresa\/\">NUESTRA EMPRESA<\/a><\/div><div><a href=\"https:\/\/cospealsape.com\/index.php\/productos\/\">PRODUCTOS<\/a><\/div><div><a href=\"https:\/\/cospealsape.com\/index.php\/multimedia\/\">MULTIMEDIA<\/a><\/div><\/div><\/div><\/div><div><div class=\"az-navbar-footer\"><div data-cloneable=\"\"><span><a href=\"https:\/\/themeforest.net\/user\/marketing-automation\/portfolio\" target=\"_blank\"><svg class=\"svg-inline--fa fa-twitter fa-w-16\" aria-hidden=\"true\" data-prefix=\"fab\" data-icon=\"twitter\" role=\"img\" xmlns=\"http:\/\/www.w3.org\/2000\/svg\" viewbox=\"0 0 512 512\" data-fa-i2svg=\"\"><path fill=\"currentColor\" d=\"M459.37 151.716c.325 4.548.325 9.097.325 13.645 0 138.72-105.583 298.558-298.558 298.558-59.452 0-114.68-17.219-161.137-47.106 8.447.974 16.568 1.299 25.34 1.299 49.055 0 94.213-16.568 130.274-44.832-46.132-.975-84.792-31.188-98.112-72.772 6.498.974 12.995 1.624 19.818 1.624 9.421 0 18.843-1.3 27.614-3.573-48.081-9.747-84.143-51.98-84.143-102.985v-1.299c13.969 7.797 30.214 12.67 47.431 13.319-28.264-18.843-46.781-51.005-46.781-87.391 0-19.492 5.197-37.36 14.294-52.954 51.655 63.675 129.3 105.258 216.365 109.807-1.624-7.797-2.599-15.918-2.599-24.04 0-57.828 46.782-104.934 104.934-104.934 30.213 0 57.502 12.67 76.67 33.137 23.715-4.548 46.456-13.32 66.599-25.34-7.798 24.366-24.366 44.833-46.132 57.827 21.117-2.273 41.584-8.122 60.426-16.243-14.292 20.791-32.161 39.308-52.628 54.253z\"><\/path><\/svg><\/a><\/span><span><a href=\"https:\/\/themeforest.net\/user\/marketing-automation\/portfolio\" target=\"_blank\"><svg class=\"svg-inline--fa fa-instagram fa-w-14\" aria-hidden=\"true\" data-prefix=\"fab\" data-icon=\"instagram\" role=\"img\" xmlns=\"http:\/\/www.w3.org\/2000\/svg\" viewbox=\"0 0 448 512\" data-fa-i2svg=\"\"><path fill=\"currentColor\" d=\"M224.1 141c-63.6 0-114.9 51.3-114.9 114.9s51.3 114.9 114.9 114.9S339 319.5 339 255.9 287.7 141 224.1 141zm0 189.6c-41.1 0-74.7-33.5-74.7-74.7s33.5-74.7 74.7-74.7 74.7 33.5 74.7 74.7-33.6 74.7-74.7 74.7zm146.4-194.3c0 14.9-12 26.8-26.8 26.8-14.9 0-26.8-12-26.8-26.8s12-26.8 26.8-26.8 26.8 12 26.8 26.8zm76.1 27.2c-1.7-35.9-9.9-67.7-36.2-93.9-26.2-26.2-58-34.4-93.9-36.2-37-2.1-147.9-2.1-184.9 0-35.8 1.7-67.6 9.9-93.9 36.1s-34.4 58-36.2 93.9c-2.1 37-2.1 147.9 0 184.9 1.7 35.9 9.9 67.7 36.2 93.9s58 34.4 93.9 36.2c37 2.1 147.9 2.1 184.9 0 35.9-1.7 67.7-9.9 93.9-36.2 26.2-26.2 34.4-58 36.2-93.9 2.1-37 2.1-147.8 0-184.8zM398.8 388c-7.8 19.6-22.9 34.7-42.6 42.6-29.5 11.7-99.5 9-132.1 9s-102.7 2.6-132.1-9c-19.6-7.8-34.7-22.9-42.6-42.6-11.7-29.5-9-99.5-9-132.1s-2.6-102.7 9-132.1c7.8-19.6 22.9-34.7 42.6-42.6 29.5-11.7 99.5-9 132.1-9s102.7-2.6 132.1 9c19.6 7.8 34.7 22.9 42.6 42.6 11.7 29.5 9 99.5 9 132.1s2.7 102.7-9 132.1z\"><\/path><\/svg><\/a><\/span><span><a href=\"https:\/\/themeforest.net\/user\/marketing-automation\/portfolio\" target=\"_blank\"><svg class=\"svg-inline--fa fa-dribbble fa-w-16\" aria-hidden=\"true\" data-prefix=\"fab\" data-icon=\"dribbble\" role=\"img\" xmlns=\"http:\/\/www.w3.org\/2000\/svg\" viewbox=\"0 0 512 512\" data-fa-i2svg=\"\"><path fill=\"currentColor\" d=\"M256 8C119.252 8 8 119.252 8 256s111.252 248 248 248 248-111.252 248-248S392.748 8 256 8zm163.97 114.366c29.503 36.046 47.369 81.957 47.835 131.955-6.984-1.477-77.018-15.682-147.502-6.818-5.752-14.041-11.181-26.393-18.617-41.614 78.321-31.977 113.818-77.482 118.284-83.523zM396.421 97.87c-3.81 5.427-35.697 48.286-111.021 76.519-34.712-63.776-73.185-116.168-79.04-124.008 67.176-16.193 137.966 1.27 190.061 47.489zm-230.48-33.25c5.585 7.659 43.438 60.116 78.537 122.509-99.087 26.313-186.36 25.934-195.834 25.809C62.38 147.205 106.678 92.573 165.941 64.62zM44.17 256.323c0-2.166.043-4.322.108-6.473 9.268.19 111.92 1.513 217.706-30.146 6.064 11.868 11.857 23.915 17.174 35.949-76.599 21.575-146.194 83.527-180.531 142.306C64.794 360.405 44.17 310.73 44.17 256.323zm81.807 167.113c22.127-45.233 82.178-103.622 167.579-132.756 29.74 77.283 42.039 142.053 45.189 160.638-68.112 29.013-150.015 21.053-212.768-27.882zm248.38 8.489c-2.171-12.886-13.446-74.897-41.152-151.033 66.38-10.626 124.7 6.768 131.947 9.055-9.442 58.941-43.273 109.844-90.795 141.978z\"><\/path><\/svg><\/a><\/span><span><a href=\"https:\/\/themeforest.net\/user\/marketing-automation\/portfolio\" target=\"_blank\"><svg class=\"svg-inline--fa fa-pinterest fa-w-16\" aria-hidden=\"true\" data-prefix=\"fab\" data-icon=\"pinterest\" role=\"img\" xmlns=\"http:\/\/www.w3.org\/2000\/svg\" viewbox=\"0 0 496 512\" data-fa-i2svg=\"\"><path fill=\"currentColor\" d=\"M496 256c0 137-111 248-248 248-25.6 0-50.2-3.9-73.4-11.1 10.1-16.5 25.2-43.5 30.8-65 3-11.6 15.4-59 15.4-59 8.1 15.4 31.7 28.5 56.8 28.5 74.8 0 128.7-68.8 128.7-154.3 0-81.9-66.9-143.2-152.9-143.2-107 0-163.9 71.8-163.9 150.1 0 36.4 19.4 81.7 50.3 96.1 4.7 2.2 7.2 1.2 8.3-3.3.8-3.4 5-20.3 6.9-28.1.6-2.5.3-4.7-1.7-7.1-10.1-12.5-18.3-35.3-18.3-56.6 0-54.7 41.4-107.6 112-107.6 60.9 0 103.6 41.5 103.6 100.9 0 67.1-33.9 113.6-78 113.6-24.3 0-42.6-20.1-36.7-44.8 7-29.5 20.5-61.3 20.5-82.6 0-19-10.2-34.9-31.4-34.9-24.9 0-44.9 25.7-44.9 60.2 0 22 7.4 36.8 7.4 36.8s-24.5 103.8-29 123.2c-5 21.4-3 51.6-.9 71.2C65.4 450.9 0 361.1 0 256 0 119 111 8 248 8s248 111 248 248z\"><\/path><\/svg><\/a><\/span><\/div><div class=\"az-contenteditable\">Image Map by <a href=\"https:\/\/azexo.com\" target=\"_blank\">AZEXO<\/a><\/div><\/div><\/div><\/div><\/div><\/div><\/div><div data-section=\"elastic\/hero-1.html\"><div class=\"azen-elastic-background-inverted\" data-inverted-styles=\"true\" data-full-width=\"true\" data-stretch-content=\"false\" data-content-width=\"boxed\" data-row-height=\"\" data-column-position=\"middle\" data-content-position=\"top\" data-column-padding=\"0\" style=\"padding-top: 200px; padding-bottom: 200px; background-image: url('https:\/\/cospealsape.com\/wp-content\/uploads\/2022\/10\/coconut-g5c2eab47d_1920.jpg'); background-size: cover; background-position: center center; \" data-background-type=\"classic\" data-parallax=\"true\" data-parallax-speed=\"22\" data-overflow-hidden=\"false\"><div class=\"az-overlay\" data-cloneable=\"\"><div style=\"background-image: url('\/'); background-color: rgba(23,26,33,0.78); \"><\/div><\/div><div class=\"az-shape-top\"><\/div><div class=\"az-shape-bottom\"><\/div><div class=\"azh-row\" style=\"max-width: 1000px; \"><div class=\"azh-col-xs-12 azh-col-sm-12 azh-col-md-12 azh-col-lg-12 azh-col-xs-offset-0 azh-col-sm-offset-0 azh-col-md-offset-0 azh-col-lg-offset-0 az-elements-list\" data-cloneable=\"\"><div data-element=\"general\/text.htm\"><div class=\"az-text azen-elastic-header-inverted-i az-contenteditable azen-elastic-font-family azen-elastic-body-color\" data-sr=\"\" style=\"font-size: 26px; font-weight: 400; text-align: center; line-height: 35px; \">COSPE ALSAPE S.A.S<\/div><\/div><div data-element=\"general\/spacer.htm\"><div class=\"az-spacer az-resize\" data-group=\"spacer\" style=\"height: 35px; background-color: rgba(255, 255, 255, 0.0); \"><\/div><\/div><div data-element=\"general\/text.htm\"><div class=\"az-text azen-elastic-header-inverted-i az-contenteditable azen-elastic-font-family azen-elastic-heading-color\" data-sr=\"\" style=\"font-size: 47px; font-weight: 500; text-align: center; line-height: 60px; \">Somos una empresa productora y comercializadora de subproductos de c\u00e1scara de coco.<\/div><\/div><div data-element=\"general\/spacer.htm\"><div class=\"az-spacer az-resize\" data-group=\"spacer\" style=\"height: 55px; background-color: rgba(255, 255, 255, 0.0); \"><\/div><\/div><\/div><\/div><\/div><\/div><div data-section=\"elastic\/features-3.html\"><div class=\"azen-elastic-features-3 azen-elastic-background-inverted\" data-inverted-styles=\"false\" data-full-width=\"true\" data-stretch-content=\"false\" data-content-width=\"full-width\" data-row-height=\"\" data-column-position=\"stretch\" data-content-position=\"top\" data-column-padding=\"15\" data-background-type=\"none\" style=\"background-image: url('\/'); padding-top: 90px; padding-bottom: 50px; \" data-parallax=\"false\" data-parallax-speed=\"40\" data-overflow-hidden=\"false\"><div class=\"az-overlay\" data-cloneable=\"\"><div><\/div><\/div><div class=\"az-shape-top\"><\/div><div class=\"az-shape-bottom\"><\/div><div class=\"azh-row\"><div class=\"azh-col-xs-12 azh-col-sm-12 azh-col-md-12 azh-col-lg-12 azh-col-xs-offset-0 azh-col-sm-offset-0 azh-col-md-offset-0 azh-col-lg-offset-0 az-elements-list\" data-cloneable=\"\"><div data-element=\"general\/text.htm\" style=\"margin-bottom: 37px; \"><div class=\"az-text azen-elastic-header-inverted-i az-contenteditable azen-elastic-font-family azen-elastic-heading-color\" data-sr=\"\" style=\"font-size: 48px; font-weight: 400; line-height: 52px; text-align: center; \" data-responsive-md=\"font-size: 52px; line-height: 56px; \" data-responsive-sm=\"font-size: 46px; line-height: 50px; \" data-responsive-xs=\"font-size: 42px; line-height: 46px\">Qu\u00e9 Hacemos<\/div><\/div><div data-element=\"empty rows\/row.htm\" class=\"az-top-right-controls\"><div data-row-height=\"\" data-column-position=\"stretch\" data-content-width=\"boxed\" data-content-position=\"top\" data-column-padding=\"15\" style=\"padding-top: 0px; padding-bottom: 0px; \"><div class=\"azh-row\" style=\"max-width: 981px; \"><div class=\"azh-col-xs-12 azh-col-sm-12 azh-col-md-12 azh-col-lg-12 azh-col-xs-offset-0 azh-col-sm-offset-0 azh-col-md-offset-0 azh-col-lg-offset-0 az-elements-list\" data-cloneable=\"\"><div data-element=\"general\/text.htm\" style=\"margin-bottom: 97px; \"><div class=\"az-text azen-elastic-subheader-inverted-i az-contenteditable azen-elastic-font-family azen-elastic-body-color\" data-sr=\"\" style=\"font-size: 26px; font-weight: 300; text-align: center; line-height: 34px; \">Elaboramos productos a base de coco 100% naturales, renovables y ecol\u00f3gicos para la industria automotriz, textil, jardineria y horticulturas, construccion. Cuidamos el medio ambiente y contribuimos al bienestar de cientos de familias en la regi\u00f3n de Timbiqui Cauca<\/div><\/div><\/div><\/div><\/div><\/div><\/div><\/div><\/div><\/div><div data-section=\"elastic\/features-big-2.html\"><\/div><div data-section=\"elastic\/presentation-7.html\"><div class=\"azen-elastic-background-inverted\" data-inverted-styles=\"true\" data-full-width=\"true\" data-stretch-content=\"false\" data-content-width=\"boxed\" data-row-height=\"\" data-column-position=\"middle\" data-content-position=\"top\" data-column-padding=\"0\" style=\"padding-top: 151px; padding-bottom: 100px; background-image: url('https:\/\/cospealsape.com\/wp-content\/uploads\/2022\/10\/coconut-gd2706c36f_1920.jpg'); background-size: cover; background-position: center center; margin-bottom: 58px; \" data-background-type=\"classic\" data-parallax=\"true\" data-parallax-speed=\"21\" data-overflow-hidden=\"false\"><div class=\"az-overlay az-elements-list\" data-cloneable=\"\"><\/div><div class=\"az-shape-top\"><\/div><div class=\"az-shape-bottom\"><\/div><div class=\"azh-row\" style=\"max-width: 800px; \"><div class=\"azh-col-xs-12 azh-col-sm-12 azh-col-md-12 azh-col-lg-12 azh-col-xs-offset-0 azh-col-sm-offset-0 azh-col-md-offset-0 azh-col-lg-offset-0 az-elements-list\" data-cloneable=\"\"><div data-element=\"\"><\/div><\/div><\/div><\/div><\/div><div data-section=\"elastic\/pricing-plans-6.html\"><\/div><div data-section=\"elastic\/text-block-8.html\"><\/div><div data-section=\"elastic\/cta-16.html\"><\/div><div data-section=\"elastic\/presentation-4.html\"><\/div><div data-section=\"elastic\/features-5.html\"><\/div><div data-section=\"elastic\/presentation-7.html\"><div class=\"azen-elastic-background-inverted\" data-inverted-styles=\"true\" data-full-width=\"true\" data-stretch-content=\"false\" data-content-width=\"boxed\" data-row-height=\"\" data-column-position=\"middle\" data-content-position=\"top\" data-column-padding=\"0\" style=\"padding-top: 150px; padding-bottom: 150px; background-image: url('https:\/\/cospealsape.com\/wp-content\/uploads\/2022\/10\/PHOTO-2022-07-08-13-22-30.jpg'); background-size: cover; background-position: center center; \" data-background-type=\"classic\" data-parallax=\"true\" data-parallax-speed=\"23\" data-overflow-hidden=\"false\"><div class=\"az-overlay\" data-cloneable=\"\"><div style=\"background-image: url('\/'); background-color: rgba(23,26,33,0.78); \"><\/div><\/div><div class=\"az-shape-top\"><\/div><div class=\"az-shape-bottom\"><\/div><div class=\"azh-row\" style=\"max-width: 800px; \"><div class=\"azh-col-xs-12 azh-col-sm-12 azh-col-md-12 azh-col-lg-12 azh-col-xs-offset-0 azh-col-sm-offset-0 azh-col-md-offset-0 azh-col-lg-offset-0 az-elements-list\" data-cloneable=\"\"><div data-element=\"general\/text.htm\"><div class=\"az-text azen-elastic-header-inverted-i az-contenteditable azen-elastic-font-family azen-elastic-heading-color\" data-sr=\"\" style=\"font-size: 36px; font-weight: 300; text-align: center; line-height: 48px; \">Nuestra planta se ubica en Timbiqui \u2013 Cauca, Colombia. En este municipio productor de coco, obtenemos nuestro insumo principal en abundancia.desde alli podemos enviar nuestros productos a cualquier parte del mundo.<\/div><\/div><\/div><\/div><\/div><\/div><div data-section=\"elastic\/cards.html\"><div class=\"azen-elastic-cards azen-elastic-background-inverted\" data-inverted-styles=\"false\" data-full-width=\"true\" data-stretch-content=\"false\" data-content-width=\"full-width\" data-row-height=\"\" data-column-position=\"stretch\" data-content-position=\"top\" data-column-padding=\"15\" data-background-type=\"none\" style=\"background-image: url('\/'); padding-top: 122px; padding-bottom: 80px; \" data-parallax=\"false\" data-parallax-speed=\"40\" data-overflow-hidden=\"false\"><div class=\"az-overlay\" data-cloneable=\"\"><div><\/div><div><\/div><\/div><div class=\"az-shape-top\"><\/div><div class=\"az-shape-bottom\"><\/div><div class=\"azh-row\"><div class=\"azh-col-xs-12 azh-col-sm-12 azh-col-md-12 azh-col-lg-12 azh-col-xs-offset-0 azh-col-sm-offset-0 azh-col-md-offset-0 azh-col-lg-offset-0 az-elements-list\" data-cloneable=\"\"><div data-element=\"empty rows\/row.htm\" class=\"az-top-right-controls\" style=\"margin-bottom: 36px; \"><div data-row-height=\"\" data-column-position=\"stretch\" data-content-width=\"boxed\" data-content-position=\"top\" data-column-padding=\"15\" style=\"padding-top: 0px; padding-bottom: 0px; \"><div class=\"azh-row\" style=\"max-width: 810px; \"><div class=\"azh-col-xs-12 azh-col-sm-12 azh-col-md-12 azh-col-lg-12 azh-col-xs-offset-0 azh-col-sm-offset-0 azh-col-md-offset-0 azh-col-lg-offset-0 az-elements-list\" data-cloneable=\"\"><div data-element=\"elastic\/elastic-header.htm\" style=\"margin-bottom: 55px; \" class=\"az-element-wrapper\"><h2 class=\"az-text az-heading az-contenteditable azen-elastic-heading-color azen-header\" data-sr=\"\"><div style=\"text-align: center;\"><span style='background-color: transparent; font-family: \"Work Sans\"; font-size: 32px; font-style: normal; font-variant-ligatures: normal; font-variant-caps: normal; font-weight: 400; word-spacing: normal;'>Nuestro aporte con el medio ambiente<\/span><\/div><\/h2><\/div><div data-element=\"general\/text.htm\" style=\"margin-bottom: 55px; \"><div class=\"az-text azen-elastic-header-inverted-i az-contenteditable azen-elastic-font-family azen-elastic-heading-color\" data-sr=\"\" style=\"font-size: 32px; font-weight: 300; text-align: center; line-height: 44px; \">Promovemos el aprovechamiento de los recursos naturales y ayudamos a reducir la contaminaci\u00f3n en la regi\u00f3n, reciclamos la mayor parte de los desechos, para que puedan volver a utilizarse.<\/div><\/div><div data-element=\"elastic\/testimonials.htm\" style=\"margin-bottom: 55px; \" class=\"az-element-wrapper\"><div class=\"azen azen1 azen2 azen3\"><div class=\"azen-elastic-testimonials\" data-cloneable=\"\" data-alternative-styles=\"false\" data-shadow-border=\"false\"><div><div class=\"azen-elastic-testimonial-text\"><div class=\"azen-testimonial\"><span class=\"fa fa-quote-left az-icon\" style=\"\"><\/span><div class=\"az-contenteditable\">la fibra de coco cuenta con un buen n\u00famero de aportes fundamentales. Hierro, vitamina A y C, sodio o plata son algunos de los componentes que contiene. Y si estos ya son importantes, no lo es menos otro menos conocido: el vanadio.<\/div><\/div><div class=\"azen-elastic-author\" data-alternative-styles=\"true\"><div class=\"azen-image\" style=\"background-image: url('https:\/\/cospealsape.com\/wp-content\/uploads\/2022\/04\/coconut.png'); \"><\/div><div class=\"azen-text\"><div class=\"azen-name az-contenteditable\">TIPS<\/div><div class=\"azen-title az-contenteditable\">Sabias que?<\/div><\/div><\/div><\/div><\/div><\/div><\/div><\/div><\/div><\/div><\/div><\/div><\/div><\/div><\/div><\/div><div data-section=\"elastic\/footer-4.html\"><\/div><div data-section=\"elastic\/footer-3.html\" style=\"display: block; \"><div class=\"azen-elastic-background-inverted azen-elastic-border-color azen-elastic-bg-color\" data-inverted-styles=\"false\" data-full-width=\"true\" data-stretch-content=\"false\" data-content-width=\"full-width\" data-row-height=\"min-height\" data-column-position=\"middle\" data-content-position=\"top\" data-column-padding=\"15\" style=\"padding-top: 30px; padding-bottom: 30px; border-style: solid; border-top-width: 1px; \" data-background-type=\"none\" data-parallax=\"false\" data-parallax-speed=\"40\" data-overflow-hidden=\"false\"><div class=\"az-overlay\" data-cloneable=\"\"><div><\/div><\/div><div class=\"az-shape-top\"><\/div><div class=\"az-shape-bottom\"><\/div><div class=\"azh-row\"><div class=\"azh-col-xs-12 azh-col-sm-12 azh-col-md-6 azh-col-xs-offset-0 azh-col-sm-offset-0 azh-col-md-offset-0 azh-col-lg-offset-0 az-elements-list azh-col-lg-8\" data-cloneable=\"\"><div data-element=\"general\/text.htm\" style=\"display: block; \"><div class=\"az-text azen-elastic-header-inverted-i az-contenteditable azen-elastic-font-family azen-elastic-body-color\" data-sr=\"\" style=\"font-size: 15px; font-weight: 300; line-height: 20px; text-align: left; margin-top: -8px; margin-right: -8px; margin-bottom: -8px; margin-left: -8px; \" data-responsive-sm=\"text-align: center\" data-responsive-xs=\"text-align: center\">\u00a9 2022<\/div><\/div><\/div><div class=\"azh-col-xs-12 azh-col-sm-12 azh-col-md-5 azh-col-xs-offset-0 azh-col-sm-offset-0 azh-col-md-offset-0 azh-col-lg-offset-0 az-elements-list azh-col-lg-4\" data-cloneable=\"\"><div data-element=\"content\/text.htm\" style=\"display: block; \"><div class=\"az-text az-contenteditable\" data-sr=\"\" style=\"margin-right: 0px; margin-top: 0px; margin-bottom: 0px; margin-left: 0px; \">Tel\u00e9fono : 3105036378<div>Direcci\u00f3n : Timbiqu\u00ed \u2013 Cauca<\/div><div>Pa\u00eds : Colombia<\/div><\/div><\/div><div data-element=\"content\/image.htm\" style=\"display: block; \" class=\"\"><div class=\"az-image\" data-group=\"image\" style=\"text-align: center; display: block;\" data-sr=\"\"><img src=\"https:\/\/cospealsape.com\/wp-content\/uploads\/2022\/04\/535239.png\" style=\"display: inline; max-width: 12%; \"\/><\/div><\/div><\/div><\/div><\/div><\/div>","protected":false},"excerpt":{"rendered":"<p>INICIONUESTRA EMPRESAPRODUCTOSMULTIMEDIAContact\u00e1nos$49INICIONUESTRA EMPRESAPRODUCTOSMULTIMEDIAImage Map by AZEXOCOSPE ALSAPE S.A.SSomos una empresa productora y comercializadora de subproductos de c\u00e1scara de coco.Qu\u00e9 HacemosElaboramos productos a base de coco 100% naturales, renovables y ecol\u00f3gicos para la industria automotriz, textil, jardineria y horticulturas, construccion. Cuidamos el medio ambiente y contribuimos al bienestar de cientos de familias en la regi\u00f3n de [&hellip;]<\/p>\n","protected":false},"author":1,"featured_media":0,"parent":0,"menu_order":0,"comment_status":"closed","ping_status":"closed","template":"azexo-html-template.php","meta":{"_monsterinsights_skip_tracking":false,"_monsterinsights_sitenote_active":false,"_monsterinsights_sitenote_note":"","_monsterinsights_sitenote_category":0},"_links":{"self":[{"href":"https:\/\/cospealsape.com\/index.php\/wp-json\/wp\/v2\/pages\/15"}],"collection":[{"href":"https:\/\/cospealsape.com\/index.php\/wp-json\/wp\/v2\/pages"}],"about":[{"href":"https:\/\/cospealsape.com\/index.php\/wp-json\/wp\/v2\/types\/page"}],"author":[{"embeddable":true,"href":"https:\/\/cospealsape.com\/index.php\/wp-json\/wp\/v2\/users\/1"}],"replies":[{"embeddable":true,"href":"https:\/\/cospealsape.com\/index.php\/wp-json\/wp\/v2\/comments?post=15"}],"version-history":[{"count":41,"href":"https:\/\/cospealsape.com\/index.php\/wp-json\/wp\/v2\/pages\/15\/revisions"}],"predecessor-version":[{"id":4949,"href":"https:\/\/cospealsape.com\/index.php\/wp-json\/wp\/v2\/pages\/15\/revisions\/4949"}],"wp:attachment":[{"href":"https:\/\/cospealsape.com\/index.php\/wp-json\/wp\/v2\/media?parent=15"}],"curies":[{"name":"wp","href":"https:\/\/api.w.org\/{rel}","templated":true}]}}